{"id":2569,"date":"2018-09-18T18:10:11","date_gmt":"2018-09-18T16:10:11","guid":{"rendered":"https:\/\/topette.net\/?page_id=2569"},"modified":"2020-02-08T18:37:17","modified_gmt":"2020-02-08T17:37:17","slug":"itineraire-previsionnel-ile-du-sud","status":"publish","type":"page","link":"https:\/\/topette.net\/?page_id=2569","title":{"rendered":"Itin\u00e9raire Pr\u00e9visionnel \u00cele du Sud"},"content":{"rendered":"<p><iframe loading=\"lazy\" src=\"https:\/\/www.google.com\/maps\/d\/embed?mid=1mC3J8GkeCE7G7PAL_Zy_-PXoAeJXlMIa\" width=\"640\" height=\"480\"><\/iframe><\/p>\n<p>Voici l&#8217;itin\u00e9raire que nous pr\u00e9voyons de suivre sur l&#8217;\u00eele du sud en Nouvelle-Z\u00e9lande.<\/p>\n","protected":false},"excerpt":{"rendered":"<p>Voici l&#8217;itin\u00e9raire que nous pr\u00e9voyons de suivre sur l&#8217;\u00eele du sud en Nouvelle-Z\u00e9lande.<\/p>\n","protected":false},"author":2,"featured_media":0,"parent":0,"menu_order":0,"comment_status":"closed","ping_status":"closed","template":"","meta":{"_s2mail":"no","footnotes":""},"class_list":["post-2569","page","type-page","status-publish","hentry"],"_links":{"self":[{"href":"https:\/\/topette.net\/index.php?rest_route=\/wp\/v2\/pages\/2569","targetHints":{"allow":["GET"]}}],"collection":[{"href":"https:\/\/topette.net\/index.php?rest_route=\/wp\/v2\/pages"}],"about":[{"href":"https:\/\/topette.net\/index.php?rest_route=\/wp\/v2\/types\/page"}],"author":[{"embeddable":true,"href":"https:\/\/topette.net\/index.php?rest_route=\/wp\/v2\/users\/2"}],"replies":[{"embeddable":true,"href":"https:\/\/topette.net\/index.php?rest_route=%2Fwp%2Fv2%2Fcomments&post=2569"}],"version-history":[{"count":0,"href":"https:\/\/topette.net\/index.php?rest_route=\/wp\/v2\/pages\/2569\/revisions"}],"wp:attachment":[{"href":"https:\/\/topette.net\/index.php?rest_route=%2Fwp%2Fv2%2Fmedia&parent=2569"}],"curies":[{"name":"wp","href":"https:\/\/api.w.org\/{rel}","templated":true}]}}