{"id":2572,"date":"2018-09-18T18:26:21","date_gmt":"2018-09-18T16:26:21","guid":{"rendered":"https:\/\/topette.net\/?page_id=2572"},"modified":"2020-02-08T18:37:17","modified_gmt":"2020-02-08T17:37:17","slug":"itineraire-previsionnel-ile-du-nord","status":"publish","type":"page","link":"https:\/\/topette.net\/?page_id=2572","title":{"rendered":"Itin\u00e9raire Pr\u00e9visionnel \u00cele du Nord"},"content":{"rendered":"<p><iframe loading=\"lazy\" src=\"https:\/\/www.google.com\/maps\/d\/embed?mid=1oyHt4RjTzs33SAtHsIDu8h5Wxp5ORcTD\" width=\"640\" height=\"480\"><\/iframe><\/p>\n<p>Voici l\u2019itin\u00e9raire que nous pr\u00e9voyons de suivre sur l\u2019\u00eele du nord en Nouvelle-Z\u00e9lande.<\/p>\n<p>Nous ne passerons pas par l&#8217;est car nous y sommes d\u00e9j\u00e0 pass\u00e9 lors de notre tour du monde en 2014-2015.<\/p>\n","protected":false},"excerpt":{"rendered":"<p>Voici l\u2019itin\u00e9raire que nous pr\u00e9voyons de suivre sur l\u2019\u00eele du nord en Nouvelle-Z\u00e9lande. Nous ne passerons pas par l&#8217;est car nous y sommes d\u00e9j\u00e0 pass\u00e9 lors de notre tour du monde en 2014-2015.<\/p>\n","protected":false},"author":2,"featured_media":0,"parent":0,"menu_order":0,"comment_status":"closed","ping_status":"closed","template":"","meta":{"_s2mail":"no","footnotes":""},"class_list":["post-2572","page","type-page","status-publish","hentry"],"_links":{"self":[{"href":"https:\/\/topette.net\/index.php?rest_route=\/wp\/v2\/pages\/2572","targetHints":{"allow":["GET"]}}],"collection":[{"href":"https:\/\/topette.net\/index.php?rest_route=\/wp\/v2\/pages"}],"about":[{"href":"https:\/\/topette.net\/index.php?rest_route=\/wp\/v2\/types\/page"}],"author":[{"embeddable":true,"href":"https:\/\/topette.net\/index.php?rest_route=\/wp\/v2\/users\/2"}],"replies":[{"embeddable":true,"href":"https:\/\/topette.net\/index.php?rest_route=%2Fwp%2Fv2%2Fcomments&post=2572"}],"version-history":[{"count":0,"href":"https:\/\/topette.net\/index.php?rest_route=\/wp\/v2\/pages\/2572\/revisions"}],"wp:attachment":[{"href":"https:\/\/topette.net\/index.php?rest_route=%2Fwp%2Fv2%2Fmedia&parent=2572"}],"curies":[{"name":"wp","href":"https:\/\/api.w.org\/{rel}","templated":true}]}}